{"id":37,"date":"2025-01-10T22:02:30","date_gmt":"2025-01-10T21:02:30","guid":{"rendered":"https:\/\/monde-engagement.com\/index.php\/projets\/"},"modified":"2025-07-04T20:01:48","modified_gmt":"2025-07-04T18:01:48","slug":"projets","status":"publish","type":"page","link":"https:\/\/monde-engagement.com\/index.php\/projets\/","title":{"rendered":"Qui sommes nous ?"},"content":{"rendered":"\n<p><strong>Monde Engagement<\/strong> est un cabinet sp\u00e9cialis\u00e9 dans l&#8217;accompagnement des jeunes, des professionnels et des jeunes retrait\u00e9s d\u00e9sireux de s\u2019engager \u00e0 l\u2019international. Notre mission est de permettre \u00e0 chacun de contribuer \u00e0 des projets de solidarit\u00e9 internationale ou de mettre ses comp\u00e9tences au service d\u2019une association, ONG, orphelinat, ou autre structure \u00e0 but non lucratif \u0153uvrant pour le bien commun.<br>Nous offrons \u00e9galement un accompagnement sur mesure aux organisations engag\u00e9es dans le d\u00e9veloppement local, depuis la phase de conception des projets jusqu\u2019\u00e0 leur \u00e9valuation et capitalisation. Notre approche repose sur une collaboration \u00e9troite, en prenant en compte les envies et aspirations de chaque personne afin de coconstruire des projets significatifs et adapt\u00e9s.<\/p>\n","protected":false},"excerpt":{"rendered":"<p>Monde Engagement est un cabinet sp\u00e9cialis\u00e9 dans l&#8217;accompagnement des jeunes, des professionnels et des jeunes retrait\u00e9s d\u00e9sireux de s\u2019engager \u00e0 l\u2019international. Notre mission est de &hellip;<\/p>\n","protected":false},"author":1,"featured_media":0,"parent":0,"menu_order":0,"comment_status":"closed","ping_status":"closed","template":"full-width","meta":{"saved_in_kubio":true,"footnotes":""},"class_list":["post-37","page","type-page","status-publish","hentry"],"kubio_ai_page_context":{"short_desc":"","purpose":"general"},"_links":{"self":[{"href":"https:\/\/monde-engagement.com\/index.php\/wp-json\/wp\/v2\/pages\/37","targetHints":{"allow":["GET"]}}],"collection":[{"href":"https:\/\/monde-engagement.com\/index.php\/wp-json\/wp\/v2\/pages"}],"about":[{"href":"https:\/\/monde-engagement.com\/index.php\/wp-json\/wp\/v2\/types\/page"}],"author":[{"embeddable":true,"href":"https:\/\/monde-engagement.com\/index.php\/wp-json\/wp\/v2\/users\/1"}],"replies":[{"embeddable":true,"href":"https:\/\/monde-engagement.com\/index.php\/wp-json\/wp\/v2\/comments?post=37"}],"version-history":[{"count":2,"href":"https:\/\/monde-engagement.com\/index.php\/wp-json\/wp\/v2\/pages\/37\/revisions"}],"predecessor-version":[{"id":102,"href":"https:\/\/monde-engagement.com\/index.php\/wp-json\/wp\/v2\/pages\/37\/revisions\/102"}],"wp:attachment":[{"href":"https:\/\/monde-engagement.com\/index.php\/wp-json\/wp\/v2\/media?parent=37"}],"curies":[{"name":"wp","href":"https:\/\/api.w.org\/{rel}","templated":true}]}}