{"id":36,"date":"2025-01-10T22:02:28","date_gmt":"2025-01-10T21:02:28","guid":{"rendered":"https:\/\/monde-engagement.com\/index.php\/a-propos\/"},"modified":"2025-07-04T19:58:36","modified_gmt":"2025-07-04T17:58:36","slug":"a-propos","status":"publish","type":"page","link":"https:\/\/monde-engagement.com\/index.php\/a-propos\/","title":{"rendered":"Historique"},"content":{"rendered":"\n<p>L\u2019id\u00e9e de cr\u00e9er Monde Engagement est n\u00e9e d\u2019un parcours dans le milieu associatif, \u00e0 la fois au Togo et en France. Ces exp\u00e9riences diversifi\u00e9es, couvrant \u00e0 la fois l\u2019Afrique et l\u2019Europe, ont permis de comprendre les enjeux, les besoins, et les d\u00e9fis de la solidarit\u00e9 internationale.<\/p>\n\n\n\n<p>Apr\u00e8s plusieurs ann\u00e9es d\u2019engagement associatif \u00e0 l\u2019\u00e9chelle nationale et internationale, et une formation en d\u00e9veloppement local au CIEDEL (Centre International d\u2019Etude du D\u00e9veloppement Local), j\u2019ai pu d\u00e9velopper une vision approfondie de ce secteur. Ces exp\u00e9riences vari\u00e9es, enrichies par des rencontres inspirantes et des t\u00e9moignages marquants, m\u2019offrent aujourd\u2019hui l\u2019opportunit\u00e9 de transmettre ces enseignements et d\u2019accompagner d\u2019autres dans leur propre parcours d\u2019engagement.<\/p>\n","protected":false},"excerpt":{"rendered":"<p>L\u2019id\u00e9e de cr\u00e9er Monde Engagement est n\u00e9e d\u2019un parcours dans le milieu associatif, \u00e0 la fois au Togo et en France. Ces exp\u00e9riences diversifi\u00e9es, couvrant &hellip;<\/p>\n","protected":false},"author":1,"featured_media":0,"parent":0,"menu_order":0,"comment_status":"closed","ping_status":"closed","template":"full-width","meta":{"saved_in_kubio":true,"footnotes":""},"class_list":["post-36","page","type-page","status-publish","hentry"],"kubio_ai_page_context":{"short_desc":"","purpose":"general"},"_links":{"self":[{"href":"https:\/\/monde-engagement.com\/index.php\/wp-json\/wp\/v2\/pages\/36","targetHints":{"allow":["GET"]}}],"collection":[{"href":"https:\/\/monde-engagement.com\/index.php\/wp-json\/wp\/v2\/pages"}],"about":[{"href":"https:\/\/monde-engagement.com\/index.php\/wp-json\/wp\/v2\/types\/page"}],"author":[{"embeddable":true,"href":"https:\/\/monde-engagement.com\/index.php\/wp-json\/wp\/v2\/users\/1"}],"replies":[{"embeddable":true,"href":"https:\/\/monde-engagement.com\/index.php\/wp-json\/wp\/v2\/comments?post=36"}],"version-history":[{"count":2,"href":"https:\/\/monde-engagement.com\/index.php\/wp-json\/wp\/v2\/pages\/36\/revisions"}],"predecessor-version":[{"id":100,"href":"https:\/\/monde-engagement.com\/index.php\/wp-json\/wp\/v2\/pages\/36\/revisions\/100"}],"wp:attachment":[{"href":"https:\/\/monde-engagement.com\/index.php\/wp-json\/wp\/v2\/media?parent=36"}],"curies":[{"name":"wp","href":"https:\/\/api.w.org\/{rel}","templated":true}]}}